{"id":15,"date":"2025-11-24T19:12:11","date_gmt":"2025-11-24T20:12:11","guid":{"rendered":"https:\/\/imotformacion.es\/?page_id=15"},"modified":"2025-12-05T10:37:30","modified_gmt":"2025-12-05T11:37:30","slug":"sobre-nosotros","status":"publish","type":"page","link":"https:\/\/imotformacion.es\/index.php\/sobre-nosotros\/","title":{"rendered":"Sobre nosotros"},"content":{"rendered":"\n<figure class=\"wp-block-image size-full\"><img loading=\"lazy\" decoding=\"async\" width=\"2560\" height=\"1049\" src=\"https:\/\/imotformacion.es\/wp-content\/uploads\/2025\/12\/image00016-ofi-1-scaled.jpg\" alt=\"\" class=\"wp-image-234\" srcset=\"https:\/\/imotformacion.es\/wp-content\/uploads\/2025\/12\/image00016-ofi-1-scaled.jpg 2560w, https:\/\/imotformacion.es\/wp-content\/uploads\/2025\/12\/image00016-ofi-1-300x123.jpg 300w, https:\/\/imotformacion.es\/wp-content\/uploads\/2025\/12\/image00016-ofi-1-1024x420.jpg 1024w, https:\/\/imotformacion.es\/wp-content\/uploads\/2025\/12\/image00016-ofi-1-768x315.jpg 768w, https:\/\/imotformacion.es\/wp-content\/uploads\/2025\/12\/image00016-ofi-1-1536x629.jpg 1536w, https:\/\/imotformacion.es\/wp-content\/uploads\/2025\/12\/image00016-ofi-1-2048x839.jpg 2048w\" sizes=\"auto, (max-width: 2560px) 100vw, 2560px\" \/><\/figure>\n\n\n\n<div style=\"height:100px\" aria-hidden=\"true\" class=\"wp-block-spacer\"><\/div>\n\n\n\n<div class=\"wp-block-cover\" style=\"min-height:167px;aspect-ratio:unset;\"><span aria-hidden=\"true\" class=\"wp-block-cover__background has-theme-palette-7-background-color has-background-dim-100 has-background-dim\"><\/span><div class=\"wp-block-cover__inner-container is-layout-constrained wp-block-cover-is-layout-constrained\">\n<h2 class=\"wp-block-heading has-theme-palette-3-color has-text-color has-link-color wp-elements-56d8aa28181caf3149448419c6e1818f\">\u00abInnovaci\u00f3n, Tecnolog\u00eda y Emprendimiento: Pasaporte a tu realizaci\u00f3n profesional\u00bb<\/h2>\n<\/div><\/div>\n\n\n\n<p>Creemos firmemente que la <strong>innovaci\u00f3n<\/strong> y la <strong>tecnolog\u00eda<\/strong> son las claves para destacar en un mundo competitivo. Fomentamos el <strong>esp\u00edritu emprendedor<\/strong> y dotamos a nuestros alumnos de las competencias digitales y pr\u00e1cticas necesarias para que su talento no tenga fronteras. Nuestro objetivo es claro: abrirte las puertas del mercado laboral, no solo en tu ciudad, sino en <strong>Europa y m\u00e1s all\u00e1<\/strong>.<\/p>\n\n\n\n<p><\/p>\n\n\n\n<div class=\"wp-block-columns is-layout-flex wp-container-core-columns-is-layout-9d6595d7 wp-block-columns-is-layout-flex\">\n<div class=\"wp-block-column is-layout-flow wp-block-column-is-layout-flow\">\n<div class=\"wp-block-cover\" style=\"min-height:221px;aspect-ratio:unset;\"><img loading=\"lazy\" decoding=\"async\" width=\"1024\" height=\"1024\" class=\"wp-block-cover__image-background wp-image-244 size-large\" alt=\"\" src=\"https:\/\/imotformacion.es\/wp-content\/uploads\/2025\/12\/IMG_0032-aula-3-1024x1024.jpg\" style=\"object-position:48% 15%\" data-object-fit=\"cover\" data-object-position=\"48% 15%\" srcset=\"https:\/\/imotformacion.es\/wp-content\/uploads\/2025\/12\/IMG_0032-aula-3-1024x1024.jpg 1024w, https:\/\/imotformacion.es\/wp-content\/uploads\/2025\/12\/IMG_0032-aula-3-300x300.jpg 300w, https:\/\/imotformacion.es\/wp-content\/uploads\/2025\/12\/IMG_0032-aula-3-150x150.jpg 150w, https:\/\/imotformacion.es\/wp-content\/uploads\/2025\/12\/IMG_0032-aula-3-768x768.jpg 768w, https:\/\/imotformacion.es\/wp-content\/uploads\/2025\/12\/IMG_0032-aula-3-1536x1536.jpg 1536w, https:\/\/imotformacion.es\/wp-content\/uploads\/2025\/12\/IMG_0032-aula-3-2048x2048.jpg 2048w\" sizes=\"auto, (max-width: 1024px) 100vw, 1024px\" \/><span aria-hidden=\"true\" class=\"wp-block-cover__background has-theme-palette-6-background-color has-background-dim\"><\/span><div class=\"wp-block-cover__inner-container is-layout-constrained wp-block-cover-is-layout-constrained\">\n<p class=\"has-text-align-center has-large-font-size\">Innovaci\u00f3n y tecnolog\u00eda<\/p>\n\n\n\n<hr class=\"wp-block-separator has-alpha-channel-opacity is-style-default\"\/>\n\n\n\n<p class=\"has-text-align-center\">\u00abAulas digitalizadas y herramientas de \u00faltima generaci\u00f3n\u2026\u00bb<\/p>\n<\/div><\/div>\n<\/div>\n\n\n\n<div class=\"wp-block-column is-layout-flow wp-block-column-is-layout-flow\">\n<div class=\"wp-block-cover\" style=\"min-height:220px;aspect-ratio:unset;\"><img loading=\"lazy\" decoding=\"async\" width=\"1024\" height=\"683\" class=\"wp-block-cover__image-background wp-image-245 size-large\" alt=\"\" src=\"https:\/\/imotformacion.es\/wp-content\/uploads\/2025\/12\/pexels-fauxels-3183174-1024x683.jpg\" style=\"object-position:43% 10%\" data-object-fit=\"cover\" data-object-position=\"43% 10%\" srcset=\"https:\/\/imotformacion.es\/wp-content\/uploads\/2025\/12\/pexels-fauxels-3183174-1024x683.jpg 1024w, https:\/\/imotformacion.es\/wp-content\/uploads\/2025\/12\/pexels-fauxels-3183174-300x200.jpg 300w, https:\/\/imotformacion.es\/wp-content\/uploads\/2025\/12\/pexels-fauxels-3183174-768x512.jpg 768w, https:\/\/imotformacion.es\/wp-content\/uploads\/2025\/12\/pexels-fauxels-3183174-1536x1024.jpg 1536w, https:\/\/imotformacion.es\/wp-content\/uploads\/2025\/12\/pexels-fauxels-3183174-2048x1365.jpg 2048w\" sizes=\"auto, (max-width: 1024px) 100vw, 1024px\" \/><span aria-hidden=\"true\" class=\"wp-block-cover__background has-theme-palette-4-background-color has-background-dim\"><\/span><div class=\"wp-block-cover__inner-container is-layout-constrained wp-block-cover-is-layout-constrained\">\n<p class=\"has-text-align-center has-theme-palette-9-color has-text-color has-link-color has-large-font-size wp-elements-a9e8ead56d87a796e08d9c78789c3428\">Esp\u00edritu emprendedor<\/p>\n\n\n\n<hr class=\"wp-block-separator has-alpha-channel-opacity\"\/>\n\n\n\n<p class=\"has-text-align-center has-theme-palette-9-color has-text-color has-link-color wp-elements-7ed3a00dc2c202d048fefce6d6904492\">\u00abTe damos las claves y el apoyo para lanzar tu propio proyecto.\u00bb<\/p>\n<\/div><\/div>\n<\/div>\n<\/div>\n\n\n\n<div style=\"height:100px\" aria-hidden=\"true\" class=\"wp-block-spacer\"><\/div>\n\n\n\n<div class=\"wp-block-columns is-layout-flex wp-container-core-columns-is-layout-9d6595d7 wp-block-columns-is-layout-flex\">\n<div class=\"wp-block-column is-layout-flow wp-block-column-is-layout-flow\">\n<div class=\"wp-block-cover is-light\" style=\"min-height:214px;aspect-ratio:unset;\"><img loading=\"lazy\" decoding=\"async\" width=\"1024\" height=\"683\" class=\"wp-block-cover__image-background wp-image-248 size-large\" alt=\"\" src=\"https:\/\/imotformacion.es\/wp-content\/uploads\/2025\/12\/marvin-meyer-SYTO3xs06fU-unsplash-2-1024x683.jpg\" style=\"object-position:43% 10%\" data-object-fit=\"cover\" data-object-position=\"43% 10%\" srcset=\"https:\/\/imotformacion.es\/wp-content\/uploads\/2025\/12\/marvin-meyer-SYTO3xs06fU-unsplash-2-1024x683.jpg 1024w, https:\/\/imotformacion.es\/wp-content\/uploads\/2025\/12\/marvin-meyer-SYTO3xs06fU-unsplash-2-300x200.jpg 300w, https:\/\/imotformacion.es\/wp-content\/uploads\/2025\/12\/marvin-meyer-SYTO3xs06fU-unsplash-2-768x512.jpg 768w, https:\/\/imotformacion.es\/wp-content\/uploads\/2025\/12\/marvin-meyer-SYTO3xs06fU-unsplash-2-1536x1024.jpg 1536w, https:\/\/imotformacion.es\/wp-content\/uploads\/2025\/12\/marvin-meyer-SYTO3xs06fU-unsplash-2-2048x1365.jpg 2048w\" sizes=\"auto, (max-width: 1024px) 100vw, 1024px\" \/><span aria-hidden=\"true\" class=\"wp-block-cover__background has-background-dim\" style=\"background-color:#a0a29e\"><\/span><div class=\"wp-block-cover__inner-container is-layout-constrained wp-block-cover-is-layout-constrained\">\n<p class=\"has-text-align-center has-theme-palette-9-color has-text-color has-link-color has-large-font-size wp-elements-30895f933ad13fa899ba9f75991679f6\">Empleabilidad real<\/p>\n\n\n\n<hr class=\"wp-block-separator has-alpha-channel-opacity\"\/>\n\n\n\n<p class=\"has-text-align-center has-theme-palette-9-color has-text-color has-link-color wp-elements-7475916b469de28fe9bd44facade3904\">\u00abConectamos tu talento con las demandas reales de las empresas.\u00bb<\/p>\n<\/div><\/div>\n<\/div>\n\n\n\n<div class=\"wp-block-column is-layout-flow wp-block-column-is-layout-flow\">\n<div class=\"wp-block-cover\" style=\"min-height:215px;aspect-ratio:unset;\"><img loading=\"lazy\" decoding=\"async\" width=\"1024\" height=\"671\" class=\"wp-block-cover__image-background wp-image-249 size-large\" alt=\"\" src=\"https:\/\/imotformacion.es\/wp-content\/uploads\/2025\/12\/pexels-olly-3769138-1024x671.jpg\" data-object-fit=\"cover\" srcset=\"https:\/\/imotformacion.es\/wp-content\/uploads\/2025\/12\/pexels-olly-3769138-1024x671.jpg 1024w, https:\/\/imotformacion.es\/wp-content\/uploads\/2025\/12\/pexels-olly-3769138-300x197.jpg 300w, https:\/\/imotformacion.es\/wp-content\/uploads\/2025\/12\/pexels-olly-3769138-768x503.jpg 768w, https:\/\/imotformacion.es\/wp-content\/uploads\/2025\/12\/pexels-olly-3769138-1536x1006.jpg 1536w, https:\/\/imotformacion.es\/wp-content\/uploads\/2025\/12\/pexels-olly-3769138-2048x1342.jpg 2048w\" sizes=\"auto, (max-width: 1024px) 100vw, 1024px\" \/><span aria-hidden=\"true\" class=\"wp-block-cover__background has-theme-palette-6-background-color has-background-dim\"><\/span><div class=\"wp-block-cover__inner-container is-layout-constrained wp-block-cover-is-layout-constrained\">\n<p class=\"has-text-align-center has-large-font-size\">Proyecci\u00f3n internacional<\/p>\n\n\n\n<hr class=\"wp-block-separator has-alpha-channel-opacity\"\/>\n\n\n\n<p class=\"has-text-align-center\">\u00abFormaci\u00f3n pensada para el mercado laboral internacional.\u00bb<\/p>\n<\/div><\/div>\n<\/div>\n<\/div>\n","protected":false},"excerpt":{"rendered":"<p>Creemos firmemente que la innovaci\u00f3n y la tecnolog\u00eda son las claves para destacar en un mundo competitivo. Fomentamos el esp\u00edritu emprendedor y dotamos a nuestros alumnos de las competencias digitales y pr\u00e1cticas necesarias para que su talento no tenga fronteras. Nuestro objetivo es claro: abrirte las puertas del mercado laboral, no solo en tu ciudad,&#8230;<\/p>\n","protected":false},"author":1,"featured_media":0,"parent":0,"menu_order":0,"comment_status":"closed","ping_status":"closed","template":"","meta":{"_kadence_starter_templates_imported_post":false,"_kad_post_transparent":"disable","_kad_post_title":"hide","_kad_post_layout":"","_kad_post_sidebar_id":"","_kad_post_content_style":"","_kad_post_vertical_padding":"","_kad_post_feature":"","_kad_post_feature_position":"","_kad_post_header":false,"_kad_post_footer":false,"_kad_post_classname":"","footnotes":""},"class_list":["post-15","page","type-page","status-publish","hentry"],"_links":{"self":[{"href":"https:\/\/imotformacion.es\/index.php\/wp-json\/wp\/v2\/pages\/15","targetHints":{"allow":["GET"]}}],"collection":[{"href":"https:\/\/imotformacion.es\/index.php\/wp-json\/wp\/v2\/pages"}],"about":[{"href":"https:\/\/imotformacion.es\/index.php\/wp-json\/wp\/v2\/types\/page"}],"author":[{"embeddable":true,"href":"https:\/\/imotformacion.es\/index.php\/wp-json\/wp\/v2\/users\/1"}],"replies":[{"embeddable":true,"href":"https:\/\/imotformacion.es\/index.php\/wp-json\/wp\/v2\/comments?post=15"}],"version-history":[{"count":11,"href":"https:\/\/imotformacion.es\/index.php\/wp-json\/wp\/v2\/pages\/15\/revisions"}],"predecessor-version":[{"id":251,"href":"https:\/\/imotformacion.es\/index.php\/wp-json\/wp\/v2\/pages\/15\/revisions\/251"}],"wp:attachment":[{"href":"https:\/\/imotformacion.es\/index.php\/wp-json\/wp\/v2\/media?parent=15"}],"curies":[{"name":"wp","href":"https:\/\/api.w.org\/{rel}","templated":true}]}}