{"id":13,"date":"2025-11-24T19:11:41","date_gmt":"2025-11-24T20:11:41","guid":{"rendered":"https:\/\/imotformacion.es\/?page_id=13"},"modified":"2025-12-12T10:49:00","modified_gmt":"2025-12-12T11:49:00","slug":"inicio","status":"publish","type":"page","link":"https:\/\/imotformacion.es\/","title":{"rendered":"Inicio"},"content":{"rendered":"\n<div class=\"wp-block-cover has-custom-content-position is-position-top-center has-theme-palette-9-color has-text-color has-link-color wp-elements-46c0804983594f8dd26b1317c096568d\" style=\"min-height:438px;aspect-ratio:unset;\"><img loading=\"lazy\" decoding=\"async\" width=\"2400\" height=\"1600\" class=\"wp-block-cover__image-background wp-image-62 size-full\" alt=\"\" src=\"https:\/\/imotformacion.es\/wp-content\/uploads\/2025\/11\/israel-andrade-YI_9SivVt_s-unsplash.jpg\" style=\"object-position:54% 70%\" data-object-fit=\"cover\" data-object-position=\"54% 70%\" srcset=\"https:\/\/imotformacion.es\/wp-content\/uploads\/2025\/11\/israel-andrade-YI_9SivVt_s-unsplash.jpg 2400w, https:\/\/imotformacion.es\/wp-content\/uploads\/2025\/11\/israel-andrade-YI_9SivVt_s-unsplash-300x200.jpg 300w, https:\/\/imotformacion.es\/wp-content\/uploads\/2025\/11\/israel-andrade-YI_9SivVt_s-unsplash-1024x683.jpg 1024w, https:\/\/imotformacion.es\/wp-content\/uploads\/2025\/11\/israel-andrade-YI_9SivVt_s-unsplash-768x512.jpg 768w, https:\/\/imotformacion.es\/wp-content\/uploads\/2025\/11\/israel-andrade-YI_9SivVt_s-unsplash-1536x1024.jpg 1536w, https:\/\/imotformacion.es\/wp-content\/uploads\/2025\/11\/israel-andrade-YI_9SivVt_s-unsplash-2048x1365.jpg 2048w\" sizes=\"auto, (max-width: 2400px) 100vw, 2400px\" \/><span aria-hidden=\"true\" class=\"wp-block-cover__background has-theme-palette-7-background-color has-background-dim\"><\/span><div class=\"wp-block-cover__inner-container is-layout-constrained wp-block-cover-is-layout-constrained\">\n<p class=\"has-text-align-center has-theme-palette-2-color has-text-color has-link-color has-large-font-size wp-elements-f84023e06f0fc3e107bcf4599735a3ce\"><strong>M\u00e1s que un Curso: Tu Pasaporte al Mercado Laboral Europeo<\/strong><\/p>\n\n\n\n<div class=\"wp-block-buttons is-horizontal is-content-justification-center is-layout-flex wp-container-core-buttons-is-layout-ddb39544 wp-block-buttons-is-layout-flex\">\n<div class=\"wp-block-button is-style-fill\"><a class=\"wp-block-button__link has-theme-palette-2-background-color has-background wp-element-button\" href=\"https:\/\/imotformacion.es\/index.php\/cursos\/\">Ver cursos<\/a><\/div>\n\n\n\n<div class=\"wp-block-button is-style-fill\"><a class=\"wp-block-button__link has-theme-palette-2-background-color has-background wp-element-button\" href=\"https:\/\/imotformacion.es\/index.php\/contacto\/\">Contacto<\/a><\/div>\n<\/div>\n<\/div><\/div>\n\n\n\n<div class=\"wp-block-columns has-small-font-size is-layout-flex wp-container-core-columns-is-layout-9d6595d7 wp-block-columns-is-layout-flex\">\n<div class=\"wp-block-column is-vertically-aligned-top is-layout-flow wp-block-column-is-layout-flow\">\n<h2 class=\"wp-block-heading has-text-align-center\">Gesti\u00f3n Administrativa<\/h2>\n\n\n\n<p class=\"has-text-align-center\">                              (ADGG0208)<\/p>\n\n\n\n<p><em><em>\u00abConvi\u00e9rtete en la cara visible y eficiente que toda empresa necesita. Ideal si buscas estabilidad y trato con el cliente.<\/em><\/em>\u00ab<\/p>\n\n\n\n<div class=\"wp-block-buttons is-content-justification-center is-nowrap is-layout-flex wp-container-core-buttons-is-layout-1fb9aab6 wp-block-buttons-is-layout-flex\">\n<div class=\"wp-block-button\"><a class=\"wp-block-button__link has-text-align-center wp-element-button\" href=\"https:\/\/imotformacion.es\/index.php\/cursos\/\">Ver temario<\/a><\/div>\n<\/div>\n<\/div>\n\n\n\n<div class=\"wp-block-column is-vertically-aligned-top is-layout-flow wp-block-column-is-layout-flow\">\n<h2 class=\"wp-block-heading has-text-align-center\">Comercio &amp;     Marketing<\/h2>\n\n\n\n<p class=\"has-text-align-center\">                 (COMT0210)<\/p>\n\n\n\n<p class=\"has-text-align-center\"><em>\u00abEl mundo es tu oficina. Aprende a gestionar operaciones internacionales y abre tu futuro laboral al extranjero.\u00bb<\/em><\/p>\n\n\n\n<div class=\"wp-block-buttons is-vertical is-content-justification-center is-layout-flex wp-container-core-buttons-is-layout-4b2eccd6 wp-block-buttons-is-layout-flex\">\n<div class=\"wp-block-button\"><a class=\"wp-block-button__link wp-element-button\" href=\"https:\/\/imotformacion.es\/index.php\/cursos\/\">Ver temario<\/a><\/div>\n<\/div>\n<\/div>\n\n\n\n<div class=\"wp-block-column is-layout-flow wp-block-column-is-layout-flow\">\n<h2 class=\"wp-block-heading has-text-align-center\">Creaci\u00f3n de Microempresas<\/h2>\n\n\n\n<p class=\"has-text-align-center\">                (ADGD0210)<\/p>\n\n\n\n<p class=\"has-text-align-center\"><em>\u00ab\u00bfTienes una idea? Aprende a dirigir tu propio negocio desde cero. Adquiere las herramientas para transformar un proyecto personal en una empresa real.\u00bb<\/em><\/p>\n\n\n\n<div class=\"wp-block-buttons is-content-justification-center is-layout-flex wp-container-core-buttons-is-layout-16018d1d wp-block-buttons-is-layout-flex\">\n<div class=\"wp-block-button\"><a class=\"wp-block-button__link wp-element-button\" href=\"https:\/\/imotformacion.es\/index.php\/cursos\/\">Ver temario<\/a><\/div>\n<\/div>\n<\/div>\n<\/div>\n\n\n\n<div style=\"height:100px\" aria-hidden=\"true\" class=\"wp-block-spacer\"><\/div>\n\n\n\n<div class=\"wp-block-columns are-vertically-aligned-center is-layout-flex wp-container-core-columns-is-layout-9d6595d7 wp-block-columns-is-layout-flex\">\n<div class=\"wp-block-column is-vertically-aligned-center has-theme-palette-7-background-color has-background is-layout-flow wp-block-column-is-layout-flow\" style=\"border-style:none;border-width:0px;padding-top:30px;padding-right:30px;padding-bottom:30px;padding-left:30px\">\n<h2 class=\"wp-block-heading\">Idiomas para el mundo real<\/h2>\n\n\n\n<p class=\"has-medium-font-size\">No estudies para aprobar, f\u00f3rmate para comunicar. Cursos pr\u00e1cticos de los idiomas m\u00e1s demandados.<\/p>\n\n\n\n<p class=\"has-medium-font-size\"><strong> \ud83c\uddec\ud83c\udde7<\/strong> <strong>Ingl\u00e9s<\/strong><\/p>\n\n\n\n<p class=\"has-medium-font-size\"> <strong>\ud83c\udde9\ud83c\uddea<\/strong> <strong>Alem\u00e1n<\/strong><\/p>\n\n\n\n<p class=\"has-medium-font-size\"><strong> \ud83c\uddee\ud83c\uddf9<\/strong> <strong>Italiano<\/strong><\/p>\n\n\n\n<p class=\"has-medium-font-size\"> <strong>\ud83c\uddf5\ud83c\uddf9<\/strong> <strong>Portugu\u00e9s<\/strong><\/p>\n\n\n\n<div class=\"wp-block-buttons is-layout-flex wp-block-buttons-is-layout-flex\" style=\"padding-top:30px;padding-right:30px;padding-bottom:30px;padding-left:30px\">\n<div class=\"wp-block-button\"><a class=\"wp-block-button__link wp-element-button\" href=\"https:\/\/imotformacion.es\/index.php\/cursos-de-idiomas\/\">Ver cursos<\/a><\/div>\n<\/div>\n<\/div>\n\n\n\n<div class=\"wp-block-column is-vertically-aligned-center is-layout-flow wp-block-column-is-layout-flow\">\n<figure class=\"wp-block-image size-large\"><img loading=\"lazy\" decoding=\"async\" width=\"1024\" height=\"683\" src=\"https:\/\/imotformacion.es\/wp-content\/uploads\/2025\/11\/priscilla-du-preez-XkKCui44iM0-unsplash-2-1024x683.jpg\" alt=\"\" class=\"wp-image-111\" srcset=\"https:\/\/imotformacion.es\/wp-content\/uploads\/2025\/11\/priscilla-du-preez-XkKCui44iM0-unsplash-2-1024x683.jpg 1024w, https:\/\/imotformacion.es\/wp-content\/uploads\/2025\/11\/priscilla-du-preez-XkKCui44iM0-unsplash-2-300x200.jpg 300w, https:\/\/imotformacion.es\/wp-content\/uploads\/2025\/11\/priscilla-du-preez-XkKCui44iM0-unsplash-2-768x512.jpg 768w, https:\/\/imotformacion.es\/wp-content\/uploads\/2025\/11\/priscilla-du-preez-XkKCui44iM0-unsplash-2-1536x1024.jpg 1536w, https:\/\/imotformacion.es\/wp-content\/uploads\/2025\/11\/priscilla-du-preez-XkKCui44iM0-unsplash-2-2048x1365.jpg 2048w\" sizes=\"auto, (max-width: 1024px) 100vw, 1024px\" \/><\/figure>\n<\/div>\n<\/div>\n","protected":false},"excerpt":{"rendered":"<p>Gesti\u00f3n Administrativa (ADGG0208) \u00abConvi\u00e9rtete en la cara visible y eficiente que toda empresa necesita. Ideal si buscas estabilidad y trato con el cliente.\u00ab Comercio &amp; Marketing (COMT0210) \u00abEl mundo es tu oficina. Aprende a gestionar operaciones internacionales y abre tu futuro laboral al extranjero.\u00bb Creaci\u00f3n de Microempresas (ADGD0210) \u00ab\u00bfTienes una idea? Aprende a dirigir tu&#8230;<\/p>\n","protected":false},"author":1,"featured_media":0,"parent":0,"menu_order":0,"comment_status":"closed","ping_status":"closed","template":"","meta":{"_kadence_starter_templates_imported_post":false,"_kad_post_transparent":"default","_kad_post_title":"hide","_kad_post_layout":"fullwidth","_kad_post_sidebar_id":"","_kad_post_content_style":"","_kad_post_vertical_padding":"","_kad_post_feature":"","_kad_post_feature_position":"","_kad_post_header":false,"_kad_post_footer":false,"_kad_post_classname":"","footnotes":""},"class_list":["post-13","page","type-page","status-publish","hentry"],"_links":{"self":[{"href":"https:\/\/imotformacion.es\/index.php\/wp-json\/wp\/v2\/pages\/13","targetHints":{"allow":["GET"]}}],"collection":[{"href":"https:\/\/imotformacion.es\/index.php\/wp-json\/wp\/v2\/pages"}],"about":[{"href":"https:\/\/imotformacion.es\/index.php\/wp-json\/wp\/v2\/types\/page"}],"author":[{"embeddable":true,"href":"https:\/\/imotformacion.es\/index.php\/wp-json\/wp\/v2\/users\/1"}],"replies":[{"embeddable":true,"href":"https:\/\/imotformacion.es\/index.php\/wp-json\/wp\/v2\/comments?post=13"}],"version-history":[{"count":34,"href":"https:\/\/imotformacion.es\/index.php\/wp-json\/wp\/v2\/pages\/13\/revisions"}],"predecessor-version":[{"id":162,"href":"https:\/\/imotformacion.es\/index.php\/wp-json\/wp\/v2\/pages\/13\/revisions\/162"}],"wp:attachment":[{"href":"https:\/\/imotformacion.es\/index.php\/wp-json\/wp\/v2\/media?parent=13"}],"curies":[{"name":"wp","href":"https:\/\/api.w.org\/{rel}","templated":true}]}}